 984. List the prime factors of r.
2, 3, 83
Let a be (3 - 4/3)*3. Suppose -a*v - 43 = -4*n - 0*v, -2*n + 5*v = -9. Let s = n + -4. What are the prime factors of s?
13
Let y = -49 + 213. Suppose -y = -i + 15. What are the prime factors of i?
179
Suppose -2*n = -4, 0*n + 1 = -j - n. List the prime factors of -74*((-21)/6 - j).
37
Suppose -28*s - 176 = -30*s. What are the prime factors of s?
2, 11
Let k(s) = s**3 + 33*s**2 + 44*s - 2. List the prime factors of k(-31).
2, 139
Let w be ((-2)/3)/(8/(-60)). Let j = 12 - w. Let a = j - -5. What are the prime factors of a?
2, 3
Suppose -15 = -i - 2*l + 3, -l = -3*i + 19. Let r(a) = -a + 2 + 3*a**2 - a**2 - 8*a. List the prime factors of r(i).
2, 29
Let x = 662 - -171. List the prime factors of x.
7, 17
List the prime factors of (-3)/(27/(-6040)) - (-2)/(-18).
11, 61
Suppose -5*i + 900 + 375 = 0. Let y = i - 127. Suppose 5*a + y = 5*s - 2*s, s - 2*a - 41 = 0. What are the prime factors of s?
3, 17
Let q = 19 - 14. Suppose -2*h + 4 = -2*y - 2, -q*h = y - 27. Suppose -111 - 34 = -4*r - 5*z, z = h. What are the prime factors of r?
2, 3, 5
Let c = -144 + 164. Let f = 182 + c. List the prime factors of f.
2, 101
Let o(r) = -2*r**3 - 8*r**2 - 16*r - 22. List the prime factors of o(-7).
2, 3
Let i(v) = 5*v + 19. Let h be i(5). List the prime factors of (-1)/((h/(-224))/11).
2, 7
Let x be 0/(-1 + 6) - 343. Let n = x + 508. What are the prime factors of n?
3, 5, 11
Let b be -1*(2/(-2) - -2). Let a be b + (-2 - (0 + -1)). Let y = 12 + a. What are the prime factors of y?
2, 5
Suppose 0 = g - k - 446, -7*g - 894 = -9*g + k. What are the prime factors of g?
2, 7
Let r(y) = y**2 - 3*y + 5. Let w be r(0). Suppose -2*a + 267 = -5*s, -w*s - 141 = -a - 0*s. List the prime factors of a.
2, 3, 7
Suppose -2*w = 3*z - 6, 2*z - 3*z + 2 = 3*w. Suppose 4*x - 797 + 193 = w. What are the prime factors of x?
151
Let p be 29 + 2/(-6) + 3/9. Suppose 4*r = -4*j + p + 55, 0 = j + 4. List the prime factors of r.
5
Suppose -3*n - b - 89 = 0, 6*n + 153 = n - 4*b. Let t be (-1)/(-5) + 978/10. Let o = t + n. List the prime factors of o.
3, 23
Let q = 129 + -133. List the prime factors of (0 + 3 - 51)*q.
2, 3
Let o(j) = -242*j**3 - 17*j**2 - 3*j + 3. Let x(g) = -81*g**3 - 6*g**2 - g + 1. Let l(m) = 4*o(m) - 11*x(m). What are the prime factors of l(-1)?
7, 11
Let g(y) = -y**3 + 9*y**2 + 12*y + 13. Suppose -3*v = -20 - 1. Let w = v - -3. List the prime factors of g(w).
3, 11
List the prime factors of (-20)/(-30) + 9854*1/6.
31, 53
Suppose 0 = -9*s + 4*s - n + 29, -5*n + 10 = -2*s. Suppose 0 = 5*l + 3*r - 210, -r = -2*l + s*l - 130. List the prime factors of l.
3, 5
Let o(p) = -p**2 + 0*p**2 - 4 - 2*p + 2 + 3*p. Let t be o(3). Let s = 20 + t. What are the prime factors of s?
2, 3
Let a(s) = 81*s + 1. Let b be a(1). Suppose 0*t - t + b = 0. Let l = t + -32. What are the prime factors of l?
2, 5
Suppose -r - 5*f = -1988, -7319 - 2733 = -5*r + 3*f. What are the prime factors of r?
2, 251
Let b be ((-26)/5)/((-5)/(-25)). List the prime factors of -1 - b - (-4 + 1).
2, 7
Let z = -1858 + 4251. List the prime factors of z.
2393
Let w be (210/24 + -9)*(0 - 508). Suppose -128*b + w*b = -208. List the prime factors of b.
2, 13
Suppose -15*x - 1767 = -2*q - 10*x, x = -q + 866. List the prime factors of q.
13, 67
Suppose 0 = -3*z + 9, -2*g + 3*z = 214 - 1309. List the prime factors of g.
2, 3, 23
Suppose 5*j + 7 = 2*c + 26, 0 = c - 3. Suppose 3*n = 4*u - 7*u + 315, j*u = -2*n + 528. What are the prime factors of u?
2, 53
Let y(l) = 1. Let m(f) = -61*f + 1. Let o(b) = m(b) + 6*y(b). List the prime factors of o(-2).
3, 43
Let k(f) = 66*f**2 + 3*f + 4. Let o be k(-2). Let n = -155 + o. List the prime factors of n.
107
Let f(t) = 17*t**2 + 117*t - 37. List the prime factors of f(-19).
3877
Let o(q) = -q**2 - 8*q - 1. Let c be o(-7). Let u be (-3)/(-2) - (-3)/c. Suppose -2*r + u*j = -28, r + 0 = 4*j + 29. List the prime factors of r.
3
Suppose 2*t - 32 = 110. List the prime factors of t.
71
Suppose 0 = 12*n - 0*n + 72. Let v be (0 + -15)*(-5)/(-3). Let o = n - v. What are the prime factors of o?
19
List the prime factors of (-3)/(-10) - (-54651)/30.
2, 911
Let c(q) = q**3 + 62*q**2 + 207*q + 49. List the prime factors of c(-57).
5, 29, 31
Let q(r) = 5*r**2 - 5*r**2 + 1 + 19*r + 2*r**2 + 1. What are the prime factors of q(6)?
2, 47
Let z(m) = -m**3 - m**2 - m + 1. Let k(w) = 79*w**3 + 2*w - 1. Let q(r) = -k(r) - 2*z(r). List the prime factors of q(-1).
2, 3, 13
Let m(b) = 6*b**3 + b**2. Let u be m(1). Suppose -2*v - 10 = -u*v. Let f(o) = 10*o - 3. List the prime factors of f(v).
17
Suppose 0 = 15*h - 7831 - 6644. List the prime factors of h.
5, 193
Suppose 2*y + 18 = y + 4*u, 0 = 2*y - u + 8. What are the prime factors of (-5 - 0) + 4 - (-164 - y)?
7, 23
Suppose -4217 = -4*d + k, -13 - 4189 = -4*d - 2*k. List the prime factors of d.
3, 13
Let b(k) = -6 + 2 - 3*k + 4*k + 2*k. What are the prime factors of b(4)?
2
Let k(m) = 241*m**2 + m - 2. Let b be k(1). Suppose -4*i + b = 20. What are the prime factors of i?
5, 11
Suppose 5*a - 12 = 4*m, 2*m + 5*a = 15 + 9. Let y be m + (87/(-3) - -2). Let l = 42 + y. List the prime factors of l.
17
List the prime factors of (9/(-6))/((-18)/6312) - -2.
2, 3, 11
Suppose 54 + 6 = 3*g. Suppose -18 - g = -2*v. Suppose -x + v = -17. What are the prime factors of x?
2, 3
Suppose 6*k = 13 + 11. What are the prime factors of 52*(-2 + k) - (-5 + 7)?
2, 3, 17
Let u = -17 - -19. Let w(f) = 0 + u*f - 1 + f**3 + 3 - 12*f**2. List the prime factors of w(12).
2, 13
Let l = -306 + 474. Suppose -3*r + l + 159 = 0. What are the prime factors of r?
109
Suppose 0 = -3*m - m + 4, -31 = -4*i + m. Suppose -i = 2*c, -2*s + 3*c = 2*s - 1272. What are the prime factors of s?
3, 5, 7
Suppose 15*v = 18*v + 24. Let n(d) = 2*d + 4*d + 0*d**2 + 3 + d**2. What are the prime factors of n(v)?
19
Suppose -4*u + 0*u + 8 = 0. Suppose -u*w - 4*i = i - 296, -w + 145 = i. What are the prime factors of w?
11, 13
Suppose 43*y - 8 = 47*y, -n = -4*y - 2444. What are the prime factors of n?
2, 3, 7, 29
Suppose 3*c = -4*r + 4272, -89*r + 1408 = c - 93*r. List the prime factors of c.
2, 5, 71
What are the prime factors of (-5)/2 + (-108177)/(-214)?
503
Suppose 21*a - 7849 = -1108. List the prime factors of a.
3, 107
Let q be (-4 - (-1 + 1))*(-12 + -35). Let z = q + -141. What are the prime factors of z?
47
Let h = -879 + 889. What are the prime factors of h?
2, 5
Let x(p) be the second derivative of 0*p**3 + 3/10*p**5 - 3/2*p**2 - 11*p + 1/6*p**4 + 0. What are the prime factors of x(2)?
53
Suppose 4*t = -3*z + 51, 3*t = -3*z - 0*z + 39. List the prime factors of (t/(-5))/((-30)/100).
2
Suppose 0 = -5*i - 25, 0*b + b + 4*i = -19. List the prime factors of (-1650)/132*32/(-10)*b.
2, 5
Suppose -4*a + n - 246 = 0, -a + 0*a - 52 = -5*n. Let s = a - -112. Suppose s = 8*k - 6*k. What are the prime factors of k?
5
Let o(p) = 153*p**2 + 10*p - 3. List the prime factors of o(2).
17, 37
Let y(n) = 20*n**2 + 6*n + 9. What are the prime factors of y(-2)?
7, 11
Let v be (2/((-6)/33))/(-1). Let w be 810/22 + 2/v. Let s = w + -17. What are the prime factors of s?
2, 5
Let p(z) = 4*z**3 + 6*z**2 - 20*z + 1. List the prime factors of p(5).
19, 29
Let u(i) = i**3 + 2*i + 1. Let y(n) = -4*n**3 + 7*n**2 + 9. Let j(k) = -5*u(k) - y(k). Suppose 4 + 8 = -2*s. List the prime factors of j(s).
2, 5
Let a = 90 + -51. Suppose -g + a = 15. List the prime factors of g.
2, 3
Let y(i) = -i**3 - 8*i**2 + 10*i + 12. Let b be y(-9). Suppose -3*u = 5*w - 5*u - 398, -b*u - 90 = -w. What are the prime factors of w?
2, 3, 13
What are the prime factors of (-641)/(-9) - (-30)/(-135)?
71
Let c(s) = -43*s - 11. Let j be c(-5). Suppose 0*h - j = -2*h. List the prime factors of h.
2, 3, 17
Let n(g) = 121*g - 259. What are the prime factors of n(13)?
2, 3, 73
Let t = 28 + -17. Let v = t - -43. What are the prime factors of v?
2, 3
Let u = 2059 + -697. What are the prime factors of u?
2, 3, 227
Let d(k) = -3*k**3 + 95*k**2 - 38*k - 78. List the prime factors of d(31).
2, 3, 37
Let c(l) = 202*l + 174. List the prime factors of c(4).
2, 491
Let r(w) = -2*w**2 - 8*w - 18. Let t be r(-10). List the prime factors of (t/4)/((-2)/4).
3, 23
Let t(r) be the second derivative of -53*r**3/6 + 2*r**2 + 20*r. What are the prim